{"id":11,"date":"2015-02-07T12:11:16","date_gmt":"2015-02-07T11:11:16","guid":{"rendered":"http:\/\/bobi4ever.net\/doglog1\/?page_id=11"},"modified":"2015-02-07T12:27:41","modified_gmt":"2015-02-07T11:27:41","slug":"pogoji-uporabe-dogloga-za-telebane","status":"publish","type":"page","link":"http:\/\/bobi4ever.net\/doglog1\/pogoji-uporabe-dogloga-za-telebane\/","title":{"rendered":"Pogoji uporabe Dogloga"},"content":{"rendered":"<p>Vse vsebine, objavljene v blogu ali kjerkoli drugje na portalu bobi4ever so predmet avtorske za\u0161\u010dite v skladu z veljavnimi predpisi. Vsebine zapisane na doglogu so osebne narave in izra\u017eajo osebno  mnenje avtorice, tudi kadar to ni izrecno navedeno.<\/p>\n<p>Komentarji pod zapisi so predmet avtorskih pravic in odgovornost avtorjev komentarjev.<\/p>\n<p>Uporabnikom je dovoljeno uporabljati objavljene vsebine izklju\u010dno v osebne in nekomercialne namene v enem, osebnem izvodu. Vsebine, objavljene na teh spletnih straneh, se v nobenem primeru ne smejo kopirati, prepisovati, razmno\u017eevati ali kako druga\u010de raz\u0161irjati brez pisnega soglasja avtorja, dovoljeno pa je dodajati hiper povezave do vsebin na spleti\u0161\u010du.<\/p>\n<p>Kakr\u0161nokoli kopiranje (bodisi s tiskanjem na papir, shranjevanjem na trdi disk, presnemavanjem ali na kakr\u0161enkoli drug na\u010din), distribucija (vklju\u010dno z distribucijo kopij), objava ali kakr\u0161nokoli vpletanje, spreminjanje ali drug na\u010din neprimerne uporabe kateregakoli dela spleti\u0161\u010da ni dovoljeno in je nezakonito.<\/p>\n<p>Kazniva so tudi vsa dejanja zoper \u010dast in dobro ime, prav tako pa tudi obrekovanje.  <\/p>\n<p>Za komentiranje vsebin bloga so na voljo komentarji pod zapisi. Blatenje in obrekovanje ni dovoljeno. IP naslov ob komentarjih se hrani do zastaranja sodno pregonljivih dejanj.<\/p>\n<p>Blog ni moderiran, komentarji se objavijo promptno in jih ni mogo\u010de izbrisati.<\/p>\n<p>Ogledovanje in prebiranje vsebin teh spletnih strani pomeni avtomati\u010dno pristajanje na te pogoje. V kolikor se s  pogoji uporabe ne strinajte vas prosimo, da spleti\u0161\u010de zapustite.<\/p>\n<p>Hvale\u017ena bom za vsako obvestilo v zvezi z opa\u017eeno kr\u0161itvijo tako mojih avtorskih pravic, kot avtorskih pravic drugih.<\/p>\n<p>Spleti\u0161\u010de uporablja pi\u0161kotke zgolj za potrebe analitike in izbolj\u0161evanje uporabni\u0161ke izku\u0161nje.<\/p>\n<p>Hvala za branje, razumevanje in upo\u0161tevanje zapisanega.<\/p>\n<p>\u0160lepi<\/p>\n","protected":false},"excerpt":{"rendered":"<p>Vse vsebine, objavljene v blogu ali kjerkoli drugje na portalu bobi4ever so predmet avtorske za\u0161\u010dite v skladu z veljavnimi predpisi. Vsebine zapisane na doglogu so osebne narave in izra\u017eajo osebno mnenje avtorice, tudi kadar to ni izrecno navedeno. Komentarji pod zapisi so predmet avtorskih pravic in odgovornost avtorjev komentarjev. Uporabnikom je dovoljeno uporabljati objavljene vsebine [&hellip;]<\/p>\n","protected":false},"author":1,"featured_media":0,"parent":0,"menu_order":0,"comment_status":"open","ping_status":"open","template":"","meta":{"footnotes":""},"class_list":["post-11","page","type-page","status-publish","hentry"],"_links":{"self":[{"href":"http:\/\/bobi4ever.net\/doglog1\/wp-json\/wp\/v2\/pages\/11","targetHints":{"allow":["GET"]}}],"collection":[{"href":"http:\/\/bobi4ever.net\/doglog1\/wp-json\/wp\/v2\/pages"}],"about":[{"href":"http:\/\/bobi4ever.net\/doglog1\/wp-json\/wp\/v2\/types\/page"}],"author":[{"embeddable":true,"href":"http:\/\/bobi4ever.net\/doglog1\/wp-json\/wp\/v2\/users\/1"}],"replies":[{"embeddable":true,"href":"http:\/\/bobi4ever.net\/doglog1\/wp-json\/wp\/v2\/comments?post=11"}],"version-history":[{"count":3,"href":"http:\/\/bobi4ever.net\/doglog1\/wp-json\/wp\/v2\/pages\/11\/revisions"}],"predecessor-version":[{"id":16,"href":"http:\/\/bobi4ever.net\/doglog1\/wp-json\/wp\/v2\/pages\/11\/revisions\/16"}],"wp:attachment":[{"href":"http:\/\/bobi4ever.net\/doglog1\/wp-json\/wp\/v2\/media?parent=11"}],"curies":[{"name":"wp","href":"https:\/\/api.w.org\/{rel}","templated":true}]}}